 3 = 2*z, 0 = 4*v + 5*z + 5. Suppose -3*l + 87 = m, -58 = -2*l - v*m - 4*m. What is the remainder when l is divided by 4?
1
Let a(x) be the first derivative of x**2 - 8*x + 9. Let h be a(4). Suppose 5*y - 104 + 4 = h. Calculate the remainder when 59 is divided by y.
19
Let o(h) = -h**3 + 5*h - 5. Let d be o(-3). Suppose r = 4, -3*u - d*r + 310 = -6*r. Calculate the remainder when u is divided by 21.
18
Let m = 80 - 46. Calculate the remainder when m is divided by 7.
6
Suppose -2*j + 3*d = -10 - 7, -2*d = 4*j + 6. Let i be (-5)/((-10)/4)*j. Calculate the remainder when 62 is divided by 20 + (-2)/2 + i.
20
Let w(m) = -m**2 + 31*m - 103. What is the remainder when w(25) is divided by 19?
9
Let r be 1/((-2)/(-6) - 0). Suppose -v = r*v - 44. Suppose 8*x + 39 = v*x. What is the remainder when x is divided by 8?
5
Calculate the remainder when 22086/42 - 12/(-84) is divided by 41.
34
Suppose 5*f + 5*g = 35, -3 = f + 2*g - 3*g. Calculate the remainder when 4/(-24) - (f - (-554)/(-12)) is divided by 15.
14
Let a be (7 - -2) + (-4)/(-1). Calculate the remainder when 1/1*1*(a + 61) is divided by 15.
14
Suppose 5*m = 2*l + 343, 2*m + 0*m - 130 = -l. What is the remainder when m is divided by 18?
13
Let z(n) = 18*n**2 - 6*n - 2. Suppose 5*t - o = 181, 4*t - o - 90 - 55 = 0. Calculate the remainder when z(3) is divided by t.
34
Let x be 0 + 4 + (9 - -3) + -4. Suppose -7*d - 25 = -x*d. Calculate the remainder when 8 is divided by d.
3
Suppose -11*h + 134 = -10*h. Suppose -5*a + 6*c = 2*c - h, -c + 4 = 0. What is the remainder when a is divided by 9?
3
Suppose 2*s + 17 = -3. What is the remainder when ((-67)/(-2))/((-3)/(s - -4)) is divided by (2 - 1)*(25 - 2)?
21
Let i = 8 - 23. Let k = 27 + i. Calculate the remainder when (-6)/(2 + (-125)/55) is divided by k.
10
Let p be 49/4 - (-3)/(-12). What is the remainder when ((-13)/26)/((-2)/p) is divided by 2 - (2 + -3)/(-1)?
0
Let m(r) = r**3 - 3*r**2 - 8*r + 3. Let u = 56 - 51. Calculate the remainder when 51 is divided by m(u).
12
Let z = -81 - -101. Let p(y) = 2*y**2 - 28*y + 29. What is the remainder when p(z) is divided by 16?
13
Suppose -29 = -5*k + 26. Suppose u = 20 + 1. Suppose 5*t + u = 6*t. Calculate the remainder when t is divided by k.
10
Let v = -46 + 48. Suppose -v*c + 4*t + 76 = c, -2*c - 2*t + 60 = 0. What is the remainder when 53 is divided by c?
25
Let f be (-102)/(-4) + 7/14. Suppose 2*k - 8 = f. What is the remainder when 32 is divided by k?
15
Suppose 2*m + 2*w - 6 = 12, 17 = m + 3*w. Suppose -m*g = -2*z - 75, 3*z - 75 = -5*g + 2*z. Calculate the remainder when 57 is divided by g.
12
Let h = 101 + -97. What is the remainder when 47*1 + 1/(h + -3) is divided by 2/(2/52*4)?
9
What is the remainder when 318 is divided by ((-27)/((-1701)/1908))/(4/14)?
0
Let i = 9 - -12. Let z = i - 24. What is the remainder when 18 is divided by 91/(-52)*(z - 1)?
4
Suppose -3*k = -5*w - 44 + 13, 3 = -k - w. Suppose -3*b - 2*b + 5*j + 130 = 0, -3*b = -k*j - 82. Calculate the remainder when 61 is divided by b.
1
Let b(p) = -5 + 2 + p**3 + 2*p - 14 - 6*p**2. Calculate the remainder when b(7) is divided by 12.
10
Let g = 99 + -57. Calculate the remainder when g is divided by 16.
10
Suppose i + 2*c = 44, -2 = -2*i + 4*c + 30. Let p = -365 + 513. Calculate the remainder when p is divided by i.
28
Let w = 500 - 460. Calculate the remainder when w is divided by 22.
18
What is the remainder when 68 is divided by ((-6)/3 - -3)*(14 - 1)?
3
Suppose 4*g + 3*y + 145 = 0, 8 - 2 = -2*y. Let r = g + 51. What is the remainder when 2/(0 + (-4)/(-62)) is divided by r?
14
Suppose 2*n + 112 = 30*n. Let u be (-1 - -4)*-2*-2. Suppose g - 2*f - u = 0, g + 6*f - f + 9 = 0. What is the remainder when g is divided by n?
2
Let o(f) = 3*f**3 - 4*f**2 + 2*f + 1. Calculate the remainder when 518 is divided by o(2).
11
Suppose -4*u - x + 22 = 0, 5*x = -3*u + 4*x + 17. Let j(g) = g**2 - 3*g - 1. What is the remainder when 26 is divided by j(u)?
8
Let l(b) = -b**3 - 33*b**2 + 105*b + 66. Calculate the remainder when l(-36) is divided by 47.
33
Suppose -5*h + 794 = -4*r, 480 = 3*h + 5*r + 11. What is the remainder when h is divided by 23?
20
Suppose 2*u = -0*x - 4*x + 676, -4*u + 676 = 4*x. Calculate the remainder when x is divided by 87.
82
Let q = 1 - -2. Suppose -3*g - q = 0, 3*z + 2*g - 8 = 4*g. Suppose -k = -3*b + 9, -z*k + 19 = b + 3*k. What is the remainder when 14 is divided by b?
2
Let z = -9 + 14. Let r(n) = -n - 11. Let f be r(-13). Suppose 5 = f*q - 33. What is the remainder when q is divided by z?
4
Suppose -9*v - 682 = -2302. Calculate the remainder when v is divided by 63.
54
Let a(c) = -5*c**2 - 30*c + 7. What is the remainder when ((-41)/(-3))/(2/6) is divided by a(-6)?
6
Suppose -h - 4*r + 3*r + 19 = 0, -r + 41 = 2*h. Suppose 3*l - 108 + h = -2*p, 4*p - 176 = -5*l. What is the remainder when p is divided by 10?
9
Let i = 560 - 540. Calculate the remainder when 36 is divided by i.
16
Let m(r) = 20*r - 15. Let x be m(3). Suppose 0 = -2*p + 3 + x. What is the remainder when 94 is divided by p?
22
Let i(k) = -k**3 - 8*k**2 + 6*k + 4. Let y be i(-4). Let l be ((-88)/(-55))/((-4)/10). What is the remainder when (18/7)/(l/y) is divided by 28?
26
Let b(j) = -j**3 + 9*j**2 + 21*j + 14. Let q be b(11). Suppose -q*n = -32 - 136. Calculate the remainder when n is divided by 16.
8
Let g(a) = a**2 + 6*a - 4. Let w be g(-7). Suppose -2*k + 45 = v, 4*k - 3*k + 149 = w*v. Calculate the remainder when v is divided by (1 - 2)*26/(-2).
10
Let b(s) = 3*s**2 - 7*s + 21. Let u(w) = -4*w**2 + 8*w - 21. Let x(i) = -5*b(i) - 4*u(i). Calculate the remainder when x(-10) is divided by 26.
23
Let o = 110 - 53. Let w(j) = j**2 - 3*j - 1. Let s be w(4). Suppose -25 - 20 = -s*l. Calculate the remainder when o is divided by l.
12
Suppose -p - 16 = 2*x - 7*x, -5*p + 4 = -4*x. Suppose -2 - 58 = -p*c. Let v = -50 - -107. What is the remainder when v is divided by c?
12
Let i = 235 + -223. What is the remainder when 26 is divided by i?
2
Suppose 14*s - 2*i = 11*s + 31, -2*s + 2*i + 20 = 0. Calculate the remainder when 1075 is divided by s.
8
Let n = -261 + 392. Suppose -n = -4*w - 27. Calculate the remainder when w - (7 + -2 + -2) is divided by 13.
10
Let p(w) = w**2 + w. Let d(z) = -7*z**3 + 8*z**2 + 6*z - 3. Let l(c) = -d(c) + 4*p(c). What is the remainder when l(2) is divided by 10?
9
Let z = 7 - 2. Suppose 0 = -z*d + j + j + 145, 77 = 2*d + 3*j. Suppose 3*o = -5*w + d, o - 15 = -3*w - 2*o. Calculate the remainder when w is divided by 4.
0
Let u(h) = 10*h**2 + 5. Let c be u(4). Suppose 5*k - c = -5*t, 3*t - 96 = t + 4*k. Calculate the remainder when t is divided by 53/4 + (-4)/16.
12
Suppose 29*u - 600 - 1343 = 0. Suppose 2*z - z - 27 = -5*r, 89 = 5*z + 2*r. What is the remainder when u is divided by z?
16
Suppose -9 = -3*d - 0. Suppose -1 = -z - f + 16, 0 = d*z + 4*f - 48. Calculate the remainder when 59 is divided by z.
19
Let f(i) = 9*i**2 - 28*i + 4. What is the remainder when f(7) is divided by 21?
18
Suppose 171 + 445 = 7*p. Calculate the remainder when p is divided by 30.
28
Suppose -f = 1, 3*i + 5*f - 20 = -58. Let m = i + 47. Calculate the remainder when m is divided by 10.
6
Let r(g) = 3*g**2 + 13*g + 6. Let n be r(-5). Suppose n*h = 23*h - 1176. Calculate the remainder when h is divided by 13.
12
Let z(d) = -d + 31. Let b be 4/2*39/26. Suppose -44 = -m - b*m. Calculate the remainder when z(0) is divided by m.
9
Let z = -1243 + 1339. What is the remainder when 467 is divided by z?
83
Let d = -20 + 57. Let n = 0 - -5. What is the remainder when d is divided by n?
2
Let w(l) = 5*l + 2. Let j be w(-3). Calculate the remainder when -1*2*(-385)/10 is divided by (j/(-2))/((-4)/(-16)).
25
Calculate the remainder when -1*4*(536/(-32) + 7) is divided by 30.
9
Let k = -34 + 18. Let g = 12 + k. Let j(r) = r**3 + 5*r**2 + 3*r + 3. What is the remainder when j(g) is divided by 2?
1
Let g = 140 - 32. Calculate the remainder when g is divided by 56.
52
Suppose 2*i - i - 5*l = 5, 3*l = 9. What is the remainder when i is divided by 3 + (-3 - 1)*(1 + -3)?
9
Let z be ((-4148)/85)/(-1 - (-26)/30). Suppose -2*p = -4*y - z, 0*y = 4*y + 4. What is the remainder when p is divided by 26?
25
Suppose -y = -4*r + 573, 2*r - 241 = 2*y + 41. What is the remainder when r is divide